{"id":5182,"date":"2023-12-04T13:58:49","date_gmt":"2023-12-04T13:58:49","guid":{"rendered":"https:\/\/www.eugeniobrito.cl\/grabados\/"},"modified":"2023-12-10T22:38:42","modified_gmt":"2023-12-10T22:38:42","slug":"ngulernakumunmu-wirikunukelu","status":"publish","type":"page","link":"https:\/\/www.eugeniobrito.cl\/map-cl\/ngulernakumunmu-wirikunukelu\/","title":{"rendered":"Ng\u00fclernak\u00fcm\u00fcnmu wirik\u00fcnukelu"},"content":{"rendered":"<section class=\"l-section wpb_row height_medium\"><div class=\"l-section-h i-cf\"><div class=\"g-cols vc_row via_grid cols_1 laptops-cols_inherit tablets-cols_inherit mobiles-cols_1 valign_top type_default stacking_default\"><div class=\"wpb_column vc_column_container\"><div class=\"vc_column-inner\"><h1 class=\"w-post-elm post_title entry-title color_link_inherit\">Ng\u00fclernak\u00fcm\u00fcnmu wirik\u00fcnukelu<\/h1><div class=\"w-grid type_masonry layout_107 cols_3 with_pagination with_isotope\" id=\"us_grid_1\" style=\"--gap:1rem;\" data-filterable=\"true\"><style>@media (max-width:1024px){#us_grid_1 .w-grid-item{width:50%}}@media (max-width:600px){#us_grid_1 .w-grid-item{width:50%}}.layout_107 .w-grid-item-h{}.layout_107 .usg_post_title_1{font-size:0.85rem!important;line-height:1.2!important}.layout_107 .usg_vwrapper_1{background:#f2f1eb!important;padding:1rem 1rem 1.5rem 1rem!important}.layout_107 .usg_post_taxonomy_1{font-size:0.65rem!important;text-transform:uppercase!important}.layout_107 .usg_post_taxonomy_2{font-size:0.65rem!important;text-transform:uppercase!important}<\/style><div class=\"w-grid-list\">\t<article class=\"w-grid-item size_1x1 post-5097 obras type-obras status-publish has-post-thumbnail hentry registro-si-map-cl tecnica-wiruntuku-adumadumtun-map-cl ano-1976-map-cl archivos-ngulernakumunmu-wirikunukelu-map-cl\" data-id=\"5097\">\r\n\t\t<div class=\"w-grid-item-h\">\r\n\t\t\t\t\t\t<div class=\"w-post-elm post_image usg_post_image_1 stretched\"><a href=\"https:\/\/www.eugeniobrito.cl\/map-cl\/obras\/kawellu\/\" aria-label=\"Kawellu\"><img loading=\"lazy\" decoding=\"async\" width=\"1024\" height=\"806\" src=\"https:\/\/www.eugeniobrito.cl\/wp-content\/uploads\/2023\/11\/GRA-5-1024x806.jpg\" class=\"attachment-large size-large wp-post-image\" alt=\"\" srcset=\"https:\/\/www.eugeniobrito.cl\/wp-content\/uploads\/2023\/11\/GRA-5-1024x806.jpg 1024w, https:\/\/www.eugeniobrito.cl\/wp-content\/uploads\/2023\/11\/GRA-5-300x236.jpg 300w\" sizes=\"auto, (max-width: 1024px) 100vw, 1024px\" \/><\/a><\/div><div class=\"w-vwrapper usg_vwrapper_1 align_none valign_top\" style=\"--vwrapper-gap:0.2rem\"><p class=\"w-post-elm post_title usg_post_title_1 entry-title color_link_inherit\"><a href=\"https:\/\/www.eugeniobrito.cl\/map-cl\/obras\/kawellu\/\">Kawellu<\/a><\/p><div class=\"w-post-elm post_taxonomy usg_post_taxonomy_1 style_simple color_link_inherit\"><span class=\"term-250 term-wiruntuku-adumadumtun-map-cl\">wiruntuku ad\u00fcmad\u00fcmtun<\/span><\/div><div class=\"w-post-elm post_taxonomy usg_post_taxonomy_2 style_simple color_link_inherit\"><span class=\"term-151 term-1976-map-cl\">1976<\/span><\/div><\/div>\t\t<\/div>\r\n\t<\/article>\r\n\t<article class=\"w-grid-item size_1x1 post-4850 obras type-obras status-publish has-post-thumbnail hentry registro-si-map-cl ano-1970-2-map-cl archivos-ngulernakumunmu-wirikunukelu-map-cl\" data-id=\"4850\">\r\n\t\t<div class=\"w-grid-item-h\">\r\n\t\t\t\t\t\t<div class=\"w-post-elm post_image usg_post_image_1 stretched\"><a href=\"https:\/\/www.eugeniobrito.cl\/map-cl\/obras\/rakum-mew-pewfaluwchi-am-2\/\" aria-label=\"Rak\u00fcm mew pewfaluwchi am\"><img loading=\"lazy\" decoding=\"async\" width=\"1024\" height=\"768\" src=\"https:\/\/www.eugeniobrito.cl\/wp-content\/uploads\/2023\/11\/GRA-4-1024x768.jpg\" class=\"attachment-large size-large wp-post-image\" alt=\"\" srcset=\"https:\/\/www.eugeniobrito.cl\/wp-content\/uploads\/2023\/11\/GRA-4-1024x768.jpg 1024w, https:\/\/www.eugeniobrito.cl\/wp-content\/uploads\/2023\/11\/GRA-4-300x225.jpg 300w\" sizes=\"auto, (max-width: 1024px) 100vw, 1024px\" \/><\/a><\/div><div class=\"w-vwrapper usg_vwrapper_1 align_none valign_top\" style=\"--vwrapper-gap:0.2rem\"><p class=\"w-post-elm post_title usg_post_title_1 entry-title color_link_inherit\"><a href=\"https:\/\/www.eugeniobrito.cl\/map-cl\/obras\/rakum-mew-pewfaluwchi-am-2\/\">Rak\u00fcm mew pewfaluwchi am<\/a><\/p><div class=\"w-post-elm post_taxonomy usg_post_taxonomy_2 style_simple color_link_inherit\"><span class=\"term-211 term-1970-2-map-cl\">1970<\/span><\/div><\/div>\t\t<\/div>\r\n\t<\/article>\r\n\t<article class=\"w-grid-item size_1x1 post-5096 obras type-obras status-publish has-post-thumbnail hentry registro-si-map-cl tecnica-wiruntuku-adumadumtun-map-cl ano-1976-map-cl archivos-ngulernakumunmu-wirikunukelu-map-cl\" data-id=\"5096\">\r\n\t\t<div class=\"w-grid-item-h\">\r\n\t\t\t\t\t\t<div class=\"w-post-elm post_image usg_post_image_1 stretched\"><a href=\"https:\/\/www.eugeniobrito.cl\/map-cl\/obras\/mansana-engu-efa\/\" aria-label=\"Mansana engu Efa\"><img loading=\"lazy\" decoding=\"async\" width=\"768\" height=\"1024\" src=\"https:\/\/www.eugeniobrito.cl\/wp-content\/uploads\/2023\/11\/GRA-3-768x1024.jpg\" class=\"attachment-large size-large wp-post-image\" alt=\"\" srcset=\"https:\/\/www.eugeniobrito.cl\/wp-content\/uploads\/2023\/11\/GRA-3-768x1024.jpg 768w, https:\/\/www.eugeniobrito.cl\/wp-content\/uploads\/2023\/11\/GRA-3-225x300.jpg 225w, https:\/\/www.eugeniobrito.cl\/wp-content\/uploads\/2023\/11\/GRA-3.jpg 1920w\" sizes=\"auto, (max-width: 768px) 100vw, 768px\" \/><\/a><\/div><div class=\"w-vwrapper usg_vwrapper_1 align_none valign_top\" style=\"--vwrapper-gap:0.2rem\"><p class=\"w-post-elm post_title usg_post_title_1 entry-title color_link_inherit\"><a href=\"https:\/\/www.eugeniobrito.cl\/map-cl\/obras\/mansana-engu-efa\/\">Mansana engu Efa<\/a><\/p><div class=\"w-post-elm post_taxonomy usg_post_taxonomy_1 style_simple color_link_inherit\"><span class=\"term-250 term-wiruntuku-adumadumtun-map-cl\">wiruntuku ad\u00fcmad\u00fcmtun<\/span><\/div><div class=\"w-post-elm post_taxonomy usg_post_taxonomy_2 style_simple color_link_inherit\"><span class=\"term-151 term-1976-map-cl\">1976<\/span><\/div><\/div>\t\t<\/div>\r\n\t<\/article>\r\n\t<article class=\"w-grid-item size_1x1 post-5095 obras type-obras status-publish has-post-thumbnail hentry registro-si-map-cl tecnica-wiruntuku-adumadumtun-map-cl ano-1976-map-cl archivos-ngulernakumunmu-wirikunukelu-map-cl\" data-id=\"5095\">\r\n\t\t<div class=\"w-grid-item-h\">\r\n\t\t\t\t\t\t<div class=\"w-post-elm post_image usg_post_image_1 stretched\"><a href=\"https:\/\/www.eugeniobrito.cl\/map-cl\/obras\/mongkolke-kura\/\" aria-label=\"Mongkolke kura\"><img loading=\"lazy\" decoding=\"async\" width=\"734\" height=\"1024\" src=\"https:\/\/www.eugeniobrito.cl\/wp-content\/uploads\/2023\/11\/GRA-2-734x1024.jpg\" class=\"attachment-large size-large wp-post-image\" alt=\"\" srcset=\"https:\/\/www.eugeniobrito.cl\/wp-content\/uploads\/2023\/11\/GRA-2-734x1024.jpg 734w, https:\/\/www.eugeniobrito.cl\/wp-content\/uploads\/2023\/11\/GRA-2-215x300.jpg 215w, https:\/\/www.eugeniobrito.cl\/wp-content\/uploads\/2023\/11\/GRA-2.jpg 1836w\" sizes=\"auto, (max-width: 734px) 100vw, 734px\" \/><\/a><\/div><div class=\"w-vwrapper usg_vwrapper_1 align_none valign_top\" style=\"--vwrapper-gap:0.2rem\"><p class=\"w-post-elm post_title usg_post_title_1 entry-title color_link_inherit\"><a href=\"https:\/\/www.eugeniobrito.cl\/map-cl\/obras\/mongkolke-kura\/\">Mongkolke kura<\/a><\/p><div class=\"w-post-elm post_taxonomy usg_post_taxonomy_1 style_simple color_link_inherit\"><span class=\"term-250 term-wiruntuku-adumadumtun-map-cl\">wiruntuku ad\u00fcmad\u00fcmtun<\/span><\/div><div class=\"w-post-elm post_taxonomy usg_post_taxonomy_2 style_simple color_link_inherit\"><span class=\"term-151 term-1976-map-cl\">1976<\/span><\/div><\/div>\t\t<\/div>\r\n\t<\/article>\r\n<\/div><div class=\"w-grid-preloader\"><div class=\"g-preloader type_1\">\r\n\t<div><\/div>\r\n<\/div>\r\n<\/div>\t<div class=\"w-grid-json hidden\" onclick='return {&quot;action&quot;:&quot;us_ajax_grid&quot;,&quot;ajax_url&quot;:&quot;https:\\\/\\\/www.eugeniobrito.cl\\\/wp-admin\\\/admin-ajax.php&quot;,&quot;infinite_scroll&quot;:0,&quot;max_num_pages&quot;:1,&quot;pagination&quot;:&quot;regular&quot;,&quot;permalink_url&quot;:&quot;https:\\\/\\\/www.eugeniobrito.cl\\\/map-cl\\\/wp-json\\\/wp\\\/v2\\\/pages\\\/5182\\\/&quot;,&quot;template_vars&quot;:{&quot;columns&quot;:&quot;3&quot;,&quot;exclude_items&quot;:&quot;none&quot;,&quot;img_size&quot;:&quot;default&quot;,&quot;ignore_items_size&quot;:0,&quot;items_layout&quot;:&quot;107&quot;,&quot;items_offset&quot;:&quot;1&quot;,&quot;load_animation&quot;:&quot;none&quot;,&quot;overriding_link&quot;:&quot;%7B%22url%22%3A%22%22%7D&quot;,&quot;post_id&quot;:0,&quot;query_args&quot;:{&quot;post_type&quot;:[&quot;obras&quot;],&quot;tax_query&quot;:[{&quot;taxonomy&quot;:&quot;registro&quot;,&quot;field&quot;:&quot;slug&quot;,&quot;terms&quot;:[&quot;si&quot;]},{&quot;taxonomy&quot;:&quot;archivos&quot;,&quot;field&quot;:&quot;slug&quot;,&quot;terms&quot;:[&quot;grabados&quot;,&quot;ngulernakumunmu-wirikunukelu-map-cl&quot;]}],&quot;post_status&quot;:[&quot;publish&quot;,&quot;acf-disabled&quot;],&quot;posts_per_page&quot;:&quot;10&quot;},&quot;orderby_query_args&quot;:{&quot;orderby&quot;:{&quot;date&quot;:&quot;DESC&quot;}},&quot;type&quot;:&quot;masonry&quot;,&quot;us_grid_ajax_index&quot;:1,&quot;us_grid_filter_params&quot;:null,&quot;us_grid_index&quot;:1,&quot;_us_grid_post_type&quot;:&quot;obras&quot;,&quot;page_args&quot;:[],&quot;lang&quot;:&quot;map-cl&quot;}}'><\/div>\r\n\t<\/div><\/div><\/div><\/div><\/div><\/section>\n","protected":false},"excerpt":{"rendered":"","protected":false},"author":1,"featured_media":0,"parent":0,"menu_order":0,"comment_status":"closed","ping_status":"closed","template":"","meta":{"footnotes":""},"class_list":["post-5182","page","type-page","status-publish","hentry"],"acf":[],"_links":{"self":[{"href":"https:\/\/www.eugeniobrito.cl\/map-cl\/wp-json\/wp\/v2\/pages\/5182","targetHints":{"allow":["GET"]}}],"collection":[{"href":"https:\/\/www.eugeniobrito.cl\/map-cl\/wp-json\/wp\/v2\/pages"}],"about":[{"href":"https:\/\/www.eugeniobrito.cl\/map-cl\/wp-json\/wp\/v2\/types\/page"}],"author":[{"embeddable":true,"href":"https:\/\/www.eugeniobrito.cl\/map-cl\/wp-json\/wp\/v2\/users\/1"}],"replies":[{"embeddable":true,"href":"https:\/\/www.eugeniobrito.cl\/map-cl\/wp-json\/wp\/v2\/comments?post=5182"}],"version-history":[{"count":2,"href":"https:\/\/www.eugeniobrito.cl\/map-cl\/wp-json\/wp\/v2\/pages\/5182\/revisions"}],"predecessor-version":[{"id":5193,"href":"https:\/\/www.eugeniobrito.cl\/map-cl\/wp-json\/wp\/v2\/pages\/5182\/revisions\/5193"}],"wp:attachment":[{"href":"https:\/\/www.eugeniobrito.cl\/map-cl\/wp-json\/wp\/v2\/media?parent=5182"}],"curies":[{"name":"wp","href":"https:\/\/api.w.org\/{rel}","templated":true}]}}